5. Give q(-168).
363
Let j(c) = 36077*c + 28. Give j(0).
28
Let m(r) = 35*r**2 + 338*r + 491. Give m(-8).
27
Let l(a) = -13*a**2 - 1102*a + 18320. Determine l(-99).
5
Let v(j) = 2*j**3 - 11*j**2 + 15406*j - 107951. What is v(7)?
38
Let a(h) = 3*h**3 - 538*h**2 + 1248*h + 182. Determine a(177).
1775
Let v(o) = -2*o**3 + 16*o**2 - 4965*o + 49842. Give v(10).
-208
Let n(l) = 228*l + 25537. Calculate n(-96).
3649
Let m(s) = -5*s**3 - 738*s**2 + 254*s - 6155. Calculate m(-148).
61
Let a(h) = -141*h**2 + 157*h - 158. Give a(1).
-142
Let z(p) = 13385*p + 40168. What is z(-3)?
13
Let a(m) = -1283*m - 369552. Calculate a(-288).
-48
Let n(x) = 3*x**3 - x**2 + 662*x - 3955. What is n(6)?
629
Let a(w) = -20*w**3 + 160*w**2 - 7*w + 116. Determine a(8).
60
Let y(g) = -905*g - 48. Calculate y(-2).
1762
Let c(z) = z**3 + 35*z**2 - 75*z - 5. Give c(-37).
32
Let j(u) = -u**3 + 88*u**2 + 169*u + 617. Determine j(90).
-373
Let l(u) = 463*u + 11022. What is l(-22)?
836
Let f(r) = 5766*r - 115978. Calculate f(20).
-658
Let x(p) = 2*p**2 - 13*p - 1430. Determine x(-23).
-73
Let y(t) = t**2 - 25943*t - 103766. What is y(-4)?
22
Let c(u) = -u**2 - u + 645. Determine c(30).
-285
Let o(j) = j**3 - 42*j**2 - 38*j - 25. What is o(43)?
190
Let h(u) = u**2 - 3561*u + 28503. What is h(8)?
79
Let q(b) = -9*b**3 + b**2 + 1317*b - 6520. Calculate q(5).
-1035
Let m(q) = 11790*q - 11212284. Determine m(951).
6
Let z(g) = g**2 - 30*g - 10112. Calculate z(116).
-136
Let l(p) = -39*p**3 + 1288*p**2 - 38*p + 183. Give l(33).
18
Let h(p) = -69*p**2 + 2428*p - 249. Determine h(35).
206
Let j(i) = 4*i**3 + 3*i**2 - 269*i + 1674. Give j(6).
1032
Let k(q) = 5801*q - 806339. Calculate k(139).
0
Let l(v) = -276*v**3 + 16*v**2 + 5*v - 6. Determine l(1).
-261
Let w(k) = -315*k**2 - 1242*k + 15. Calculate w(-4).
-57
Let t(j) = 10*j**3 + 98*j**2 + 166*j + 1810. Determine t(-10).
-50
Let l(o) = 3*o**2 - 964*o + 3834. Give l(4).
26
Let i(v) = 6*v**2 - 198*v - 10232. Determine i(61).
16
Let d(k) = -3*k**3 - 592*k**2 - 203*k - 896. Give d(-197).
286
Let h(d) = 15926*d + 605176. Determine h(-38).
-12
Let p(i) = 265*i - 31430. Calculate p(121).
635
Let o(k) = -2*k**2 + 61*k + 1490. What is o(47)?
-61
Let r(c) = -c**2 - 471*c - 23606. What is r(-414)?
-8
Let x(f) = -f**3 - 585*f**2 + 2211*f - 85387. What is x(-589)?
18
Let x(d) = d**3 - 885*d**2 - 7364*d - 1780. Determine x(-8).
-20
Let n(f) = f**2 - 28967*f + 550000. Determine n(19).
-12
Let q(x) = -5*x**3 + 753*x**2 + 1372*x - 273301. Determine q(150).
-1
Let d(w) = w**3 + 474*w**2 - 50*w - 23700. Calculate d(-474).
0
Let h(v) = -2*v**2 + 15915*v + 95559. Determine h(-6).
-3
Let v(x) = 88676*x + 532070. What is v(-6)?
14
Let p(y) = 7320*y - 72786. Determine p(10).
414
Let s(k) = 2*k**3 - 158*k**2 + 378*k + 5909. What is s(76)?
-19
Let c(f) = -f**3 + 8*f**2 + 1065*f - 7509. Calculate c(7).
-5
Let d(s) = s**3 - 226*s**2 + 2765*s + 822. What is d(213)?
-30
Let d(y) = -2*y**3 + 243*y**2 - 4830*y + 202. Determine d(25).
77
Let s(l) = 61053*l - 3602121. What is s(59)?
6
Let o(h) = 7*h**3 - 2*h**2 + 902*h - 1820. Calculate o(2).
32
Let x(b) = -22*b**2 - 396*b + 896. Give x(2).
16
Let r(n) = 105815*n - 423464. Calculate r(4).
-204
Let q(d) = -d**2 - 1667*d - 13120. Determine q(-8).
152
Let g(f) = -f**3 + 9*f**2 - 5*f + 56. Calculate g(10).
-94
Let i(r) = -1062*r - 133428. What is i(-126)?
384
Let d(c) = -c**2 + 6160*c - 783765. What is d(130)?
135
Let y(w) = -2*w**2 + 17771*w - 106547. What is y(6)?
7
Let p(s) = -2*s**3 - 69*s**2 - 175*s - 144. What is p(-32)?
336
Let s(y) = -257096*y - 2056763. Give s(-8).
5
Let y(v) = -v**2 + 6397*v - 159304. Determine y(25).
-4
Let j(c) = -c**3 - 2*c**2 + 2352*c + 22204. What is j(-44)?
28
Let v(z) = z**3 + 5*z**2 - 122*z + 959. Calculate v(8).
815
Let t(f) = 64*f**2 - 5051*f - 39. Calculate t(79).
356
Let a(r) = -9801*r - 39127. Calculate a(-4).
77
Let h(q) = -93*q**2 - 101*q + 870. Determine h(6).
-3084
Let m(a) = -a**3 - 94*a**2 - 2149*a + 1878. Calculate m(-43).
-14
Let d(z) = 3*z**3 - 179*z**2 + 1170*z + 1369. Calculate d(52).
17
Let m(o) = -521*o + 15570. Give m(40).
-5270
Let h(k) = -4*k**2 - 2484*k - 22031. What is h(-9)?
1
Let l(o) = 2*o**3 - 21*o**2 + 19*o - 106. What is l(10)?
-16
Let v(c) = -c**2 + 27102*c + 189768. Calculate v(-7).
5
Let h(f) = -f**3 - 194*f**2 + 252*f - 28399. Determine h(-196).
-959
Let r(t) = -t**2 - 427*t + 123667. Determine r(198).
-83
Let p(m) = 5*m**3 + 1250*m**2 - 76*m - 18991. Determine p(-250).
9
Let q(o) = -2000*o - 268273. What is q(-134)?
-273
Let t(b) = -234*b**2 + 13102*b + 68. Calculate t(56).
-44
Let v(k) = -48*k**3 + 123*k**2 - 191*k + 629. Determine v(3).
-133
Let q(s) = 4*s**3 + s**2 - 2719*s - 8133. What is q(-3)?
-75
Let y(d) = d**2 - 298*d - 23570. Determine y(-65).
25
Let z(n) = -63028*n + 252113. Give z(4).
1
Let w(p) = -48172*p + 240868. What is w(5)?
8
Let q(r) = -25807*r + 3819443. What is q(148)?
7
Let x(o) = 25356*o - 202751. Determine x(8).
97
Let j(i) = 105023*i - 1470317. Give j(14).
5
Let p(i) = -3*i**2 - 100645*i + 503277. Give p(5).
-23
Let p(n) = n**3 + 70*n**2 + 1218*n + 13. What is p(-38)?
-63
Let q(d) = 16*d**3 + 290*d**2 + 401*d + 6594. Calculate q(-18).
24
Let w(s) = 2*s**2 - 102*s + 1362. Give w(17).
206
Let v(r) = -72*r**3 - 19874*r**2 - 542*r + 2752. What is v(-276)?
-8
Let s(v) = 160*v + 13539. What is s(-85)?
-61
Let t(g) = -g**3 + 8*g**2 - 13*g + 15. Calculate t(6).
9
Let n(d) = 112468*d - 5623418. Determine n(50).
-18
Let r(t) = -2*t**3 + 48*t**2 + 102*t - 2635. Give r(24).
-187
Let d(u) = -849*u + 18568. What is d(24)?
-1808
Let x(d) = -37*d**2 + 2210*d - 19449. Calculate x(49).
4
Let n(v) = v**3 + 25*v**2 + 133*v + 2628. Determine n(-24).
12
Let c(j) = -j**2 + 1025*j + 18635. Calculate c(-18).
-139
Let x(i) = 113*i - 2987. Calculate x(39).
1420
Let k(c) = -6*c**3 - 100*c**2 + 251*c - 296. Give k(-19).
-11
Let u(w) = 1088*w - 376418. Calculate u(346).
30
Let u(x) = -8257*x - 41272. What is u(-5)?
13
Let l(z) = 20905*z - 40325734. What is l(1929)?
11
Let f(b) = 5*b**2 - 489*b + 378. Give f(97).
-10
Let u(r) = 735*r + 229484. Calculate u(-312).
164
Let l(y) = y**3 - 68*y**2 + 715*y - 635. Give l(55).
-635
Let c(k) = -385790*k + 33177945. What is c(86)?
5
Let x(r) = 11*r**2 - 174*r - 318. Determine x(21).
879
Let a(w) = -14881*w - 89347. What is a(-6)?
-61
Let c(f) = -1959*f - 21479. Determine c(-11).
70
Let z(c) = -c**3 + 33*c**2 + 543*c - 136. What is z(45)?
-1
Let f(u) = 9*u**2 + 1092*u + 1442. Calculate f(-120).
2
Let a(h) = 4*h**3 - 98*h**2 - 5435*h + 131600. Determine a(24).
8
Let w(k) = -531*k**2 + 9033*k - 111. Calculate w(17).
-9
Let b(h) = 6204*h + 12556. Determine b(-2).
148
Let z(k) = 691*k**2 - 2829*k + 1. Calculate z(3).
-2267
Let v(s) = s**3 + 78*s**2 + 985*s - 882. Determine v(-17).
2
Let d(i) = 35*i**2 - 3947*i + 7897. What is d(2)?
143
Let j(u) = -12*u**2 + 274*u + 564. What is j(-2)?
-32
Let b(w) = 11675*w - 374232. What is b(32)?
-632
Let n(l) = -4*l**3 - 57*l**2 + 65*l + 285. Determine n(-15).
-15
Let x(v) = 1767*v - 165850. What is x(94)?
248
Let s(r) = r**3 + 37*r**2 + 68*r + 1138. Determine s(-36).
-14
Let n(l) = -12*l**2 + 1254*l + 3022. Calculate n(107).
-188
Let q(k) = -680*k + 21085. Give q(31).
5
Let j(y) = 31*y + 2193. What is j(-35)?
1108
Let p(a) = 1661*a - 13291. Determine p(8).
-3
Let w(q) = q**3 + 54*q**2 - 242*q - 7248. Calculate w(-56).
32
Let n(c) = -314*c - 20594. Determine n(-75).
2956
Let y(n) = -2*n**2 + 75*n + 10923. What is y(-56)?
451
Let b(a) = -27987*a + 27309. Give b(1).
-678
Let r(a) = 31*a**3 + 99*a + 200. Calculate r(-2).
-246
Let z(n) = -7*n**3 + 60*n - 50. Give z(6).
-1202
Let s(d) = -1606*d + 209279. Determine s(131).
-1107
Let d(c) = 87*c**2 - 853*c - 149. Determine d(10).
21
Let f(u) = 1681*u + 79196. Calculate f(-47).
189
Let w(z) = -171*z + 9434. What is w(54)?
200
Let q(z) = -1662*z + 28396. What is q(17)?
142
Let x(k) = -1692*k + 13177. Give x(8).
-359
Let n(r) = -r**3 - 30*r**2 - 100*r + 65. Determine n(-4).
49
Let k(r) = -25*r**2 + 23*r - 51. Calculate k(3).
-207
Let x(g) = -g**2 - 56*g + 164. Give x(-60).
-76
Let n(o) = -5870*o - 5476713. What is n(-933)?
-3
Let i(n) = 9068*n + 54386. Determine i(-6).
-22
Let h(s) = -2*s**3 - 211*s**2 - 714*s - 86924. Calculate h(-106).
-4
Let x